False
Does 52 divide 4628?
True
Is 298 a multiple of 95?
False
Does 13 divide 1104?
False
Is 131 a multiple of 2?
False
Is 576 a multiple of 24?
True
Is 261 a multiple of 29?
True
Does 26 divide 1044?
False
Is 263 a multiple of 3?
False
Does 7 divide 661?
False
Is 7 a factor of 168?
True
Is 2165 a multiple of 21?
False
Is 4039 a multiple of 76?
False
Does 33 divide 3493?
False
Does 23 divide 2392?
True
Is 213 a factor of 30033?
True
Is 8604 a multiple of 9?
True
Does 2 divide 95?
False
Does 2 divide 90?
True
Is 5 a factor of 240?
True
Is 35 a factor of 1543?
False
Is 3 a factor of 1389?
True
Does 70 divide 34720?
True
Is 5610 a multiple of 22?
True
Does 68 divide 2860?
False
Does 30 divide 1170?
True
Is 39 a factor of 780?
True
Is 10 a factor of 758?
False
Does 231 divide 3927?
True
Is 50428 a multiple of 14?
True
Is 510 a multiple of 34?
True
Is 27 a factor of 729?
True
Is 10780 a multiple of 17?
False
Does 11 divide 27317?
False
Is 20 a factor of 9340?
True
Is 6 a factor of 4276?
False
Is 970 a multiple of 15?
False
Is 19514 a multiple of 22?
True
Is 2120 a multiple of 49?
False
Does 19 divide 285?
True
Does 60 divide 708?
False
Is 7 a factor of 22691?
False
Is 398 a multiple of 10?
False
Is 5480 a multiple of 8?
True
Is 54282 a multiple of 70?
False
Is 9812 a multiple of 61?
False
Is 28 a factor of 3248?
True
Does 17 divide 1445?
True
Does 5 divide 3282?
False
Is 152 a factor of 94478?
False
Is 9 a factor of 23?
False
Is 10 a factor of 851?
False
Does 27 divide 226?
False
Does 52 divide 498?
False
Is 2 a factor of 120?
True
Is 4863 a multiple of 24?
False
Is 80 a factor of 1840?
True
Is 46 a factor of 1656?
True
Is 8 a factor of 24?
True
Is 23390 a multiple of 142?
False
Is 21 a factor of 9408?
True
Is 1020 a multiple of 85?
True
Is 10 a factor of 10470?
True
Is 58 a factor of 3538?
True
Is 109 a factor of 4262?
False
Does 59 divide 1090?
False
Is 430 a multiple of 21?
False
Does 28 divide 4219?
False
Is 19 a factor of 665?
True
Does 5 divide 35?
True
Does 32 divide 299?
False
Is 22 a factor of 132?
True
Is 6 a factor of 294?
True
Is 13 a factor of 15483?
True
Does 7 divide 12201?
True
Is 21 a factor of 6161?
False
Is 57 a factor of 1177?
False
Does 23 divide 598?
True
Is 5 a factor of 970?
True
Is 73388 a multiple of 20?
False
Does 6 divide 7110?
True
Is 14 a factor of 4602?
False
Is 6453 a multiple of 19?
False
Is 77 a factor of 1463?
True
Is 12 a factor of 98400?
True
Is 5 a factor of 37490?
True
Is 24 a factor of 14772?
False
Does 12 divide 1693?
False
Is 22 a factor of 498?
False
Is 23 a factor of 18262?
True
Is 5347 a multiple of 36?
False
Does 33 divide 6722?
False
Is 3153 a multiple of 5?
False
Does 21 divide 10164?
True
Is 12 a factor of 1739?
False
Is 1780 a multiple of 3?
False
Is 8 a factor of 163?
False
Is 71 a factor of 18389?
True
Does 36 divide 144?
True
Is 26 a multiple of 2?
True
Is 43 a factor of 172?
True
Is 1090 a multiple of 19?
False
Is 80 a factor of 501?
False
Is 4 a factor of 12993?
False
Is 750 a multiple of 30?
True
Does 13 divide 65?
True
Does 17 divide 54?
False
Does 199 divide 28869?
False
Is 20 a factor of 42780?
True
Is 460 a multiple of 20?
True
Is 3162 a multiple of 93?
True
Is 77 a factor of 98406?
True
Does 2 divide 1157?
False
Is 29 a factor of 3224?
False
Does 59 divide 24695?
False
Is 95 a factor of 759?
False
Is 20600 a multiple of 20?
True
Does 106 divide 867?
False
Is 400 a multiple of 80?
True
Is 1619 a multiple of 29?
False
Does 29 divide 21136?
False
Is 1236 a multiple of 7?
False
Is 20850 a multiple of 77?
False
Does 21 divide 1362?
False
Is 86 a factor of 946?
True
Is 1373 a multiple of 11?
False
Is 778 a multiple of 23?
False
Is 47 a factor of 145?
False
Is 18000 a multiple of 225?
True
Does 207 divide 3105?
True
Is 9 a factor of 278?
False
Is 1496 a multiple of 68?
True
Does 19 divide 684?
True
Is 81735 a multiple of 44?
False
Is 26 a factor of 2706?
False
Is 145 a factor of 13733?
False
Is 4 a factor of 181?
False
Is 48 a factor of 1963?
False
Does 43 divide 13624?
False
Is 40 a factor of 16082?
False
Is 73 a factor of 1492?
False
Is 73 a factor of 6259?
False
Does 3 divide 3207?
True
Is 31 a multiple of 24?
False
Does 48 divide 3216?
True
Is 12 a factor of 11940?
True
Does 21 divide 22799?
False
Is 2142 a multiple of 42?
True
Does 54 divide 1293?
False
Is 118 a factor of 2596?
True
Does 12 divide 1007?
False
Is 1399 a multiple of 2?
False
Does 91 divide 10283?
True
Does 10 divide 4348?
False
Is 1140 a multiple of 15?
True
Does 9 divide 108?
True
Is 7415 a multiple of 4?
False
Is 19 a factor of 342?
True
Is 5670 a multiple of 90?
True
Is 27841 a multiple of 19?
False
Is 1591 a multiple of 71?
False
Does 3 divide 6311?
False
Is 13 a factor of 1795?
False
Is 862 a multiple of 20?
False
Does 30 divide 261?
False
Is 4 a factor of 5?
False
Is 51398 a multiple of 62?
True
Is 130 a factor of 3595?
False
Does 5 divide 2239?
False
Is 25 a factor of 85?
False
Does 20 divide 8920?
True
Does 14 divide 7976?
False
Is 32 a factor of 288?
True
Is 141 a multiple of 2?
False
Is 3293 a multiple of 37?
True
Is 1548 a multiple of 86?
True
Does 3 divide 886?
False
Is 77 a factor of 1391?
False
Is 252 a multiple of 13?
False
Is 26 a factor of 3201?
False
Is 31803 a multiple of 41?
False
Does 14 divide 17640?
True
Does 11 divide 41162?
True
Is 12 a factor of 7785?
False
Is 186 a multiple of 7?
False
Is 192 a multiple of 16?
True
Does 12 divide 1440?
True
Is 7596 a multiple of 26?
False
Does 17 divide 790?
False
Does 12 divide 6348?
True
Does 138 divide 42228?
True
Is 21 a factor of 474?
False
Is 258 a factor of 14448?
True
Is 29120 a multiple of 20?
True
Is 47 a factor of 3572?
True
Is 271 a factor of 116259?
True
Is 16 a factor of 5940?
False
Is 77 a factor of 77?
True
Is 1023 a multiple of 11?
True
Is 4 a factor of 1100?
True
Does 14 divide 3094?
True
Is 84 a factor of 1544?
False
Does 22 divide 29876?
True
Does 144 divide 4032?
True
Is 81 a factor of 324?
True
Is 5652 a multiple of 157?
True
Is 525 a multiple of 25?
True
Is 43 a factor of 11296?
False
Is 288 a multiple of 5?
False
Is 30 a factor of 38892?
False
Does 44 divide 33088?
True
Is 2253 a multiple of 5?
False
Is 885 a multiple of 9?
False
Is 8184 a multiple of 88?
True
Does 162 divide 7452?
True
Does 72 divide 16920?
True
Is 87 a factor of 8874?
True
Is 3 a factor of 669?
True
Is 3 a factor of 3669?
True
Is 2 a factor of 216?
True
Is 12 a factor of 1890?
False
Is 56 a factor of 1158?
False
Does 24 divide 2258?
False
Is 61464 a multiple of 12?
True
Is 63 a factor of 2835?
True
Is 769 a multiple of 32?
False
Is 53 a factor of 1643?
True
Does 74 divide 1332?
True
Is 10 a factor of 690?
True
Is 15 a factor of 394?
False
Does 49 divide 26754?
True
Does 79 divide 39184?
True
Is 9 a factor of 3490?
False
Is 936 a multiple of 6?
True
Is 128 a factor of 4731?
False
Is 44 a factor of 1079?
False
Is 2355 a multiple of 157?
True
Is 51 a factor of 204?
True
Does 230 divide 25070?
True
Does 16 divide 495?
False
Is 11064 a multiple of 25?
False
Is 1052 a multiple of 4?
True
Is 17 a factor of 26383?
False
Is 124 a factor of 26232?
False
Does 4 divide 351?
False
Is 396 a multiple of 11?
True
Is 697 a multiple of 21?
False
Is 273 a factor of 42218?
False
Is 18 a factor of 7506?
True
Is 102 a multiple of 34?
True
Is 7 a factor of 5422?
False
Does 7 divide 1034?
False
Is 4796 a multiple of 10?
False
Does 262 divide 33536?
True
Does 5 divide 3237?
False
Is 448 a multiple of 6?
False
Does 53 divide 992?
False
Is 193 a multiple of 6?
False
Is 105413 a multiple of 37?
True
Is 22 a factor of 66?
True
Is 202 a factor of 7739?
False
Does 26 divide 1352?
True
Does 47 divide 2491?
True
Does 148 divide 11683?
False
Is 45363 a multiple of 71?
False
Is 43 a factor of 774?
True
Does 48 divide 60?
False
Is 15 a factor of 60?
True
Is 32 a multiple of 4?
True
Is 169 a factor of 49364?
False
Is 282 a factor of 1410?
True
Is 15675 a multiple of 11?
True
Does 2 divide 237?
False
Is 12 a factor of 4499?
False
Does 18 divide 1026?
True
Is 57903 a multiple of 113?
False
Is 624 a multiple of 3?
True
Is 2772 a multiple of 7?
True
Is 10 a factor of 430?
True
Does 15 divide 1711?
False
Does 20 divide 20206?
False
Does 9 divide 4246?
False
Is 32 a factor of 64?
True
Does 12 divide 864?
True
I